{"id":169,"date":"2022-09-04T08:35:34","date_gmt":"2022-09-04T07:35:34","guid":{"rendered":"https:\/\/fasciatherapie.org\/frenchies2montreal\/?page_id=169"},"modified":"2022-09-04T20:27:06","modified_gmt":"2022-09-04T19:27:06","slug":"cyril-dupuis","status":"publish","type":"page","link":"https:\/\/fasciatherapie.org\/frenchies2montreal\/cyril-dupuis\/","title":{"rendered":"Cyril Dupuis"},"content":{"rendered":"<p><img loading=\"lazy\" decoding=\"async\" class=\"size-medium wp-image-207 alignleft\" src=\"https:\/\/fasciatherapie.org\/frenchies2montreal\/wp-content\/uploads\/2022\/09\/CF_08102-200x300.jpg\" alt=\"\" width=\"200\" height=\"300\" srcset=\"https:\/\/fasciatherapie.org\/frenchies2montreal\/wp-content\/uploads\/2022\/09\/CF_08102-200x300.jpg 200w, https:\/\/fasciatherapie.org\/frenchies2montreal\/wp-content\/uploads\/2022\/09\/CF_08102-683x1024.jpg 683w, https:\/\/fasciatherapie.org\/frenchies2montreal\/wp-content\/uploads\/2022\/09\/CF_08102-768x1152.jpg 768w, https:\/\/fasciatherapie.org\/frenchies2montreal\/wp-content\/uploads\/2022\/09\/CF_08102-1024x1536.jpg 1024w, https:\/\/fasciatherapie.org\/frenchies2montreal\/wp-content\/uploads\/2022\/09\/CF_08102-rotated.jpg 1280w\" sizes=\"auto, (max-width: 200px) 100vw, 200px\" \/><\/p>\n<p>Assistant chercheur au <a href=\"https:\/\/www.cerap.org\/\">CERAP<\/a>, formateur en th\u00e9rapie manuelle des fascias pour <a href=\"https:\/\/tmgconcept.info\/\">TMG Concept<\/a>.<\/p>\n<p>Fasciath\u00e9rapeute.<\/p>\n<p>&nbsp;<\/p>\n<p>&nbsp;<\/p>\n<p>&nbsp;<\/p>\n<p>&nbsp;<\/p>\n<p>&nbsp;<\/p>\n<p>&nbsp;<\/p>\n<h3>Principales publications et communications :<\/h3>\n<p><a href=\"https:\/\/www.cerap.org\/fr\/chercheur\/cyril-dupuis\">(Voir sa pr\u00e9sentation sur le site du CERAP<\/a>)<\/p>\n<ul>\n<li>Dupuis C. (2015), <em>A combination of qualitative and quantitative approaches to evaluate the effect of DBM Fasciatherapy on the pain of patients suffering from fibromyalgia<\/em>, Fascia Research Congress, Washington (USA)<\/li>\n<li>Dupuis C. (2015),<em> An exploratory study on the effects of fasciatherapy on a population suffering from chronic pain\u00a0: people suffering from fibromyalgia, <\/em>World Congress of Physical Therapy, Singapour<\/li>\n<li>Courraud C., Dupuis C. (2014), <em>Th\u00e9rapie manuelle des fascias thoraciques<\/em>, Profession Kin\u00e9, n\u00b041, p.39-43 (partie 1) et n\u00b042, p.38-51<\/li>\n<li>Dupuis C. (2013), <em>E\u0301valuation d&rsquo;une prise en charge de la fibromyalgie en cabinet de kine\u0301sithe\u0301rapie<\/em>, Journe\u0301es Francophones de Kine\u0301sithe\u0301rapie, Paris. Publi\u00e9 dans Kine\u0301sithe\u0301rapie, la revue, n\u00b0134, p.46<\/li>\n<li>Dupuis C. (2012), <em>Fibromyalgie, douleur et fasciathe\u0301rapie<\/em>, Fascia congress Brussels 2012, Bruxelles (Belgique)<\/li>\n<\/ul>\n<p>&nbsp;<\/p>\n<p>&nbsp;<\/p>\n","protected":false},"excerpt":{"rendered":"<p>Assistant chercheur au CERAP, formateur en th\u00e9rapie manuelle des fascias pour TMG Concept. Fasciath\u00e9rapeute. &nbsp; &nbsp; &nbsp; &nbsp; &nbsp; &nbsp; Principales publications et communications : (Voir sa pr\u00e9sentation sur le site du CERAP) Dupuis C. (2015), A combination of qualitative and quantitative approaches to evaluate the effect of DBM Fasciatherapy [&#8230;]<\/p>\n","protected":false},"author":3,"featured_media":0,"parent":0,"menu_order":0,"comment_status":"closed","ping_status":"closed","template":"","meta":{"footnotes":""},"class_list":["post-169","page","type-page","status-publish","hentry"],"_links":{"self":[{"href":"https:\/\/fasciatherapie.org\/frenchies2montreal\/wp-json\/wp\/v2\/pages\/169","targetHints":{"allow":["GET"]}}],"collection":[{"href":"https:\/\/fasciatherapie.org\/frenchies2montreal\/wp-json\/wp\/v2\/pages"}],"about":[{"href":"https:\/\/fasciatherapie.org\/frenchies2montreal\/wp-json\/wp\/v2\/types\/page"}],"author":[{"embeddable":true,"href":"https:\/\/fasciatherapie.org\/frenchies2montreal\/wp-json\/wp\/v2\/users\/3"}],"replies":[{"embeddable":true,"href":"https:\/\/fasciatherapie.org\/frenchies2montreal\/wp-json\/wp\/v2\/comments?post=169"}],"version-history":[{"count":14,"href":"https:\/\/fasciatherapie.org\/frenchies2montreal\/wp-json\/wp\/v2\/pages\/169\/revisions"}],"predecessor-version":[{"id":213,"href":"https:\/\/fasciatherapie.org\/frenchies2montreal\/wp-json\/wp\/v2\/pages\/169\/revisions\/213"}],"wp:attachment":[{"href":"https:\/\/fasciatherapie.org\/frenchies2montreal\/wp-json\/wp\/v2\/media?parent=169"}],"curies":[{"name":"wp","href":"https:\/\/api.w.org\/{rel}","templated":true}]}}